igit of 118635?
8
What is the thousands digit of 4416220?
6
What is the units digit of 438217?
7
What is the millions digit of 5276203?
5
What is the millions digit of 3911784?
3
What is the tens digit of 249160?
6
What is the ten thousands digit of 242331?
4
What is the ten thousands digit of 209821?
0
What is the tens digit of 719023?
2
What is the hundred thousands digit of 419199?
4
What is the units digit of 6567070?
0
What is the units digit of 896858?
8
What is the units digit of 247760?
0
What is the hundred thousands digit of 9252349?
2
What is the thousands digit of 9506080?
6
What is the tens digit of 635855?
5
What is the units digit of 27433603?
3
What is the units digit of 285025?
5
What is the tens digit of 1890783?
8
What is the ten thousands digit of 19854?
1
What is the hundreds digit of 3827279?
2
What is the units digit of 280429?
9
What is the thousands digit of 3724781?
4
What is the hundred thousands digit of 451304?
4
What is the hundreds digit of 841921?
9
What is the hundred thousands digit of 1867691?
8
What is the tens digit of 4940352?
5
What is the ten thousands digit of 9629287?
2
What is the ten thousands digit of 29425?
2
What is the thousands digit of 545361?
5
What is the hundred thousands digit of 2130604?
1
What is the tens digit of 1546720?
2
What is the tens digit of 630457?
5
What is the ten thousands digit of 1138413?
3
What is the millions digit of 23273787?
3
What is the millions digit of 1746270?
1
What is the thousands digit of 10365148?
5
What is the thousands digit of 637121?
7
What is the thousands digit of 18823581?
3
What is the millions digit of 2560404?
2
What is the units digit of 7632650?
0
What is the hundreds digit of 832590?
5
What is the units digit of 971292?
2
What is the units digit of 351585?
5
What is the hundred thousands digit of 11100503?
1
What is the hundred thousands digit of 309504?
3
What is the hundred thousands digit of 3087636?
0
What is the units digit of 131700?
0
What is the millions digit of 1761262?
1
What is the millions digit of 10573998?
0
What is the tens digit of 35477?
7
What is the hundreds digit of 32726293?
2
What is the ten thousands digit of 277892?
7
What is the ten thousands digit of 515679?
1
What is the ten thousands digit of 4590034?
9
What is the units digit of 514933?
3
What is the units digit of 14306190?
0
What is the ten thousands digit of 513987?
1
What is the thousands digit of 311510?
1
What is the hundreds digit of 328990?
9
What is the hundred thousands digit of 6365105?
3
What is the thousands digit of 227928?
7
What is the millions digit of 7173366?
7
What is the tens digit of 992405?
0
What is the tens digit of 28927?
2
What is the units digit of 60167?
7
What is the units digit of 98311?
1
What is the thousands digit of 538520?
8
What is the millions digit of 3482995?
3
What is the hundreds digit of 3094398?
3
What is the thousands digit of 713186?
3
What is the hundred thousands digit of 416636?
4
What is the hundred thousands digit of 1953367?
9
What is the hundreds digit of 546644?
6
What is the ten thousands digit of 904045?
0
What is the tens digit of 931558?
5
What is the ten thousands digit of 1273046?
7
What is the thousands digit of 443674?
3
What is the tens digit of 1417299?
9
What is the millions digit of 2826142?
2
What is the millions digit of 22174013?
2
What is the hundreds digit of 1071013?
0
What is the millions digit of 4430540?
4
What is the tens digit of 2615529?
2
What is the thousands digit of 2998540?
8
What is the ten thousands digit of 9476807?
7
What is the hundred thousands digit of 11464091?
4
What is the thousands digit of 9676444?
6
What is the hundreds digit of 1932826?
8
What is the hundreds digit of 1134460?
4
What is the ten thousands digit of 359030?
5
What is the thousands digit of 8162138?
2
What is the tens digit of 459604?
0
What is the thousands digit of 54106?
4
What is the thousands digit of 12219840?
9
What is the ten thousands digit of 312941?
1
What is the units digit of 4421949?
9
What is the hundred thousands digit of 1768789?
7
What is the units digit of 1149666?
6
What is the tens digit of 596206?
0
What is the hundred thousands digit of 23999677?
9
What is the ten thousands digit of 3148279?
4
What is the tens digit of 34027519?
1
What is the millions digit of 1591291?
1
What is the hundreds digit of 305005?
0
What is the units digit of 158356?
6
What is the ten thousands digit of 383628?
8
What is the tens digit of 8093989?
8
What is the tens digit of 1209417?
1
What is the units digit of 551932?
2
What is the tens digit of 1612191?
9
What is the hundreds digit of 10284739?
7
What is the millions digit of 2836153?
2
What is the thousands digit of 81085?
1
What is the ten thousands digit of 239658?
3
What is the units digit of 920089?
9
What is the millions digit of 1079208?
1
What is the tens digit of 205261?
6
What is the hundred thousands digit of 12787894?
7
What is the units digit of 7237571?
1
What is the tens digit of 7588727?
2
What is the thousands digit of 424704?
4
What is the thousands digit of 10771163?
1
What is the ten thousands digit of 552965?
5
What is the thousands digit of 71933?
1
What is the units digit of 3040199?
9
What is the ten thousands digit of 4049153?
4
What is the units digit of 1785515?
5
What is the ten thousands digit of 39767?
3
What is the hundreds digit of 2242983?
9
What is the thousands digit of 551159?
1
What is the millions digit of 5166778?
5
What is the ten thousands digit of 6130286?
3
What is the ten thousands digit of 2177579?
7
What is the thousands digit of 13419845?
9
What is the thousands digit of 2647485?
7
What is the units digit of 1859298?
8
What is the millions digit of 5810436?
5
What is the tens digit of 17300163?
6
What is the thousands digit of 1183752?
3
What is the thousands digit of 4796058?
6
What is the hundred thousands digit of 3253932?
2
What is the ten thousands digit of 1309730?
0
What is the thousands digit of 128175?
8
What is the ten thousands digit of 116227?
1
What is the ten thousands digit of 127051?
2
What is the thousands digit of 589091?
9
What is the units digit of 11542454?
4
What is the ten thousands digit of 1301587?
0
What is the tens digit of 4207543?
4
What is the hundreds digit of 20324?
3
What is the tens digit of 3191164?
6
What is the thousands digit of 11765164?
5
What is the units digit of 927209?
9
What is the units digit of 92115?
5
What is the ten thousands digit of 527388?
2
What is the hundred thousands digit of 357366?
3
What is the ten thousands digit of 284050?
8
What is the ten millions digit of 10477894?
1
What is the ten thousands digit of 756247?
5
What is the ten thousands digit of 552068?
5
What is the millions digit of 20771851?
0
What is the units digit of 3902942?
2
What is the tens digit of 168057?
5
What is the hundred thousands digit of 833183?
8
What is the units digit of 849540?
0
What is the hundreds digit of 8951553?
5
What is the millions digit of 8562984?
8
What is the hundred thousands digit of 2651714?
6
What is the hundreds digit of 59285?
2
What is the thousands digit of 12206473?
6
What is the ten thousands digit of 216757?
1
What is the ten thousands digit of 6496368?
9
What is the ten thousands digit of 964769?
6
What is the ten thousands digit of 2212251?
1
What is the hundred thousands digit of 1365748?
3
What is the tens digit of 185745?
4
What is the hundred thousands digit of 24017333?
0
What is the units digit of 79989?
9
What is the ten thousands digit of 119311?
1
What is the units digit of 123583?
3
What is the tens digit of 301587?
8
What is the units digit of 337058?
8
What is the units digit of 1612415?
5
What is the hundred thousands digit of 101973?
1
What is the hundred thousands digit of 2257232?
2
What is the tens digit of 649094?
9
What is the ten thousands digit of 77318?
7
What is the ten thousands digit of 9254424?
5
What is the ten thousands digit of 129316?
2
What is the units digit of 151756?
6
What is the hundreds digit of 2796571?
5
What is the tens digit of 187336?
3
What is the hundred thousands digit of 10328030?
3
What is the hundreds digit of 210271?
2
What is the units digit of 1626044?
4
What is the tens digit of 1461096?
9
W